354. What is w(-13)?
-3
Let g(v) = -10*v**3 + 5*v**2 - 2*v. Calculate g(-2).
104
Let z(s) = s**2 - 11*s - 79. Determine z(15).
-19
Let l(b) = 12*b**2 - 8*b - 1. Determine l(2).
31
Let z(j) = -j**3 + 14*j**2 + 17*j - 139. Calculate z(15).
-109
Let n(s) = s**3 - 46*s**2 + 44*s + 73. Give n(45).
28
Let v(m) = -m**3 - 22*m**2 - 16*m + 72. Determine v(-21).
-33
Let c(q) = -q**3 + 17*q**2 - 81*q + 15. Calculate c(7).
-62
Let n(v) = -55*v + 707. Give n(7).
322
Let h(b) = -b**2 + 248*b + 742. What is h(-3)?
-11
Let z(n) = -n**3 + 8*n**2 - 29*n - 75. Determine z(8).
-307
Let s(t) = 137*t + 183. Determine s(-2).
-91
Let c(o) = o**2 + 135*o - 2713. Calculate c(18).
41
Let t(y) = -y**2 - 173*y - 1784. Give t(-11).
-2
Let s(b) = -b**3 + 74*b**2 + 82*b - 561. Determine s(75).
-36
Let k(i) = -183*i + 89. Calculate k(1).
-94
Let z(d) = -26*d**2 - 93*d + 189. Give z(2).
-101
Let j(h) = 2*h**2 + 326*h + 7141. What is j(-26)?
17
Let n(k) = -8*k**2 - 11*k + 29. Give n(-3).
-10
Let l(z) = -4*z**2 - 241*z - 3562. Give l(-26).
0
Let a(m) = 2*m**3 + 9*m**2 + 22*m - 8. What is a(-6)?
-248
Let d(m) = m**2 + 193*m + 6544. Calculate d(-44).
-12
Let u(a) = -2*a**2 + 9*a + 60. Calculate u(13).
-161
Let q(w) = 2*w**2 + 101*w - 78. Calculate q(-48).
-318
Let z(y) = 1139*y - 5673. Determine z(5).
22
Let x(c) = 1535*c - 9177. Determine x(6).
33
Let a(j) = j**2 - 57. What is a(7)?
-8
Let m(u) = 8*u**2 - 53*u - 9. Determine m(6).
-39
Let p(i) = -i**2 - 1722*i + 8639. What is p(5)?
4
Let f(z) = -z**3 + 69*z**2 + 455*z + 22. Determine f(75).
397
Let f(h) = 398*h - 4788. Determine f(12).
-12
Let b(p) = 4*p**3 + 73*p**2 + 18*p - 7. Calculate b(-18).
-7
Let q(y) = y**3 + 31*y**2 + 11*y + 349. Calculate q(-31).
8
Let k(q) = 33*q + 145. Determine k(-4).
13
Let o(q) = -14*q**3 + 21*q**2 + 59*q + 3. Calculate o(-3).
393
Let o(f) = -2*f**3 + 4*f**2 + 71*f + 323. What is o(-5)?
318
Let f(k) = k**3 - 27*k**2 + 56*k + 103. What is f(24)?
-281
Let r(k) = k**3 - 24*k**2 + 5*k - 124. What is r(24)?
-4
Let p(k) = -505*k + 2556. What is p(5)?
31
Let u(m) = -19*m + 37. Determine u(-9).
208
Let s(g) = -13*g**2 - 779*g + 1683. Determine s(-62).
9
Let r(g) = -10*g**2 - 98*g + 182. Determine r(-13).
-234
Let f(y) = -16*y**3 + 93*y**2 + 7*y + 7. What is f(6)?
-59
Let a(s) = s**2 - 20*s + 61. Determine a(17).
10
Let p(h) = -477*h - 9561. Give p(-20).
-21
Let c(q) = -q**3 - 33*q**2 - 66*q - 160. Calculate c(-31).
-36
Let w(g) = -g**2 - 41*g + 81. Give w(-42).
39
Let b(z) = 31*z**2 + 57*z - 7. Determine b(-2).
3
Let i(r) = -r**3 + 14*r**2 + 130*r - 676. Calculate i(19).
-11
Let c(p) = -11*p + 1136. Give c(102).
14
Let a(w) = -5*w**2 + 37*w - 186. Calculate a(7).
-172
Let i(r) = 3*r**2 - 15*r - 141. Determine i(-7).
111
Let g(o) = -38*o - 12. Calculate g(1).
-50
Let a(c) = -106*c - 1071. What is a(-10)?
-11
Let w(g) = 4*g**2 - 73*g + 136. What is w(2)?
6
Let l(x) = 18*x + 293. Give l(-31).
-265
Let c(n) = 56*n - 3922. Give c(70).
-2
Let w(l) = 2*l + 54. Calculate w(-2).
50
Let f(y) = -7*y + 305. What is f(31)?
88
Let t(n) = -n**3 - 39*n**2 + 260*n - 24. Calculate t(6).
-84
Let v(y) = -19*y**2 + 137*y - 17. Calculate v(7).
11
Let j(o) = -o**2 + 6*o + 30. Determine j(-10).
-130
Let r(s) = -2076*s + 33221. Give r(16).
5
Let o(i) = i**2 + 29*i + 138. Give o(-11).
-60
Let c(b) = -b**3 - 18*b**2 - 27*b - 235. What is c(-17)?
-65
Let n(y) = 7*y**2 - 7*y + 86. Calculate n(6).
296
Let t(w) = 26*w + 31. Calculate t(-3).
-47
Let w(s) = 8*s + 51. What is w(-12)?
-45
Let p(g) = -282*g + 1977. Calculate p(7).
3
Let t(y) = -y**3 - 5*y**2 - 6*y - 13. Give t(-3).
-13
Let f(r) = 49*r - 153. Calculate f(10).
337
Let y(r) = -r**3 - 50*r**2 - 101*r - 260. What is y(-48)?
-20
Let f(x) = x**3 - 21*x**2 - 20*x - 14. Calculate f(22).
30
Let u(d) = 4*d - 104. Give u(32).
24
Let o(k) = 2*k**3 + 80*k**2 - 79*k + 122. What is o(-41)?
-1
Let z(d) = -4*d**2 - 22*d + 153. What is z(-9)?
27
Let b(u) = -u**3 + 129*u**2 - 1194*u + 477. What is b(119)?
1
Let i(l) = 8*l**2 + 220*l + 300. Determine i(-26).
-12
Let j(m) = -3*m + 90. Calculate j(32).
-6
Let i(q) = 4*q**2 + 59*q - 58. What is i(-16)?
22
Let c(n) = -281*n - 2805. Determine c(-10).
5
Let z(x) = -68*x + 276. Determine z(4).
4
Let l(f) = -158*f - 1100. Calculate l(-7).
6
Let l(j) = 1611*j + 22558. Give l(-14).
4
Let x(u) = 1454*u**2 + 21809*u - 11. What is x(-15)?
4
Let x(n) = -2*n**3 - 5*n**2 + 42*n - 26. Give x(4).
-66
Let r(g) = -184*g + 5883. What is r(32)?
-5
Let n(i) = 2*i**3 - 24*i**2 - 17*i - 106. Give n(13).
11
Let f(g) = g**2 + 33*g + 262. Calculate f(-13).
2
Let n(r) = 117*r + 1186. Give n(-10).
16
Let y(b) = -b**2 - 161*b - 4758. Give y(-39).
0
Let c(h) = 280*h**2 + 11*h - 3. What is c(1)?
288
Let x(l) = 39*l**2 - 4*l - 4. What is x(1)?
31
Let i(w) = 3*w**2 - 111*w + 876. What is i(25)?
-24
Let l(n) = -5*n**2 + 248*n - 950. Calculate l(4).
-38
Let j(h) = -6*h**3 - 3*h**2 - 3*h + 6. Calculate j(1).
-6
Let x(b) = -b**3 + 6*b**2 + 45*b + 28. What is x(10)?
78
Let v(r) = -2*r**2 + 84*r - 297. Determine v(38).
7
Let a(o) = -85*o**2 + 677*o + 26. Determine a(8).
2
Let f(z) = z**3 - 9*z**2 - 50*z + 498. Calculate f(9).
48
Let j(z) = -3*z**3 - 2*z**2 - 2*z - 41. Determine j(0).
-41
Let t(s) = 50*s**2 - 599*s - 11. Determine t(12).
1
Let x(s) = -2*s**3 + 29*s**2 + 41*s + 116. Determine x(16).
4
Let h(a) = -3000*a - 6000. Determine h(-2).
0
Let i(d) = -331*d + 15586. Give i(47).
29
Let h(m) = 42*m + 2319. Calculate h(-55).
9
Let o(d) = -2*d**2 - 53*d + 45. Calculate o(-28).
-39
Let b(r) = -218*r**3 + 2*r**2 - 32*r - 32. Calculate b(-1).
220
Let n(x) = 3*x - 8. Give n(2).
-2
Let s(a) = -a**3 + a**2 + 71*a + 120. Calculate s(-6).
-54
Let r(t) = -t**3 - 48*t**2 + 3023*t - 86. What is r(-84)?
-2
Let h(q) = q**2 + 30*q + 4. What is h(-9)?
-185
Let z(a) = 6*a**2 + 51*a + 89. Determine z(-4).
-19
Let r(c) = -2*c**3 + 12*c**2 - 4*c + 25. What is r(5)?
55
Let v(s) = s**3 - 262*s**2 - 5343*s - 78. Calculate v(-19).
-2
Let q(g) = 2*g**3 + 81*g**2 + 38*g - 80. Give q(-40).
0
Let p(o) = -10*o**3 + 2*o**2 - 104*o + 102. Calculate p(1).
-10
Let x(c) = -2*c**3 + 24*c**2 + 4*c + 745. What is x(14)?
17
Let y(q) = -q**2 - 9*q - 59. Give y(-10).
-69
Let g(h) = 3*h**2 + 236*h + 408. What is g(-77)?
23
Let m(r) = 175*r + 169. What is m(2)?
519
Let f(o) = -o**3 - 31*o**2 + 5*o + 177. Determine f(-31).
22
Let q(r) = -15*r**3 - 4*r**2 - 20*r - 35. Calculate q(-2).
109
Let j(p) = 26*p + 171. Determine j(-11).
-115
Let h(x) = -3*x**2 + 81*x - 83. Give h(27).
-83
Let n(j) = -j**2 + 4*j + 434. Calculate n(23).
-3
Let x(m) = -20*m - 511. What is x(-25)?
-11
Let s(c) = -106*c - 1024. Calculate s(-10).
36
Let d(c) = c**3 - 8*c**2 - 4*c + 1. What is d(6)?
-95
Let m(q) = -q**2 + 676*q - 11850. Determine m(18).
-6
Let f(c) = -c**2 + 33*c + 993. Calculate f(-18).
75
Let t(i) = -942*i + 2807. Give t(3).
-19
Let d(i) = -i**3 - 45*i**2 - 22*i - 975. Give d(-45).
15
Let n(o) = -6175*o + 98798. What is n(16)?
-2
Let u(f) = -f**2 + 28*f + 1244. Calculate u(52).
-4
Let m(t) = 60*t + 480. Give m(-8).
0
Let s(y) = 6*y**2 - 692*y + 2676. Determine s(4).
4
Let f(v) = -10*v**2 + 11*v - 6. What is f(-4)?
-210
Let k(q) = 3*q**2 - 104*q - 481. What is k(39)?
26
Let t(q) = 37*q - 66. Determine t(1).
-29
Let y(p) = 2*p**3 - 183*p**2 + 86*p + 455. Give y(91).
0
Let r(q) = 31*q**3 - 2*q**2 + q + 1. What is r(1)?
31
Let o(c) = -248*c**2 - 2469*c + 109. Give o(-10).
-1
Let w(p) = -2*p**3 + 46*p**2 + 50*p - 45. What is w(24)?
3
Let t(d) = -42*d**2 - 16*d + 24. What is t(2)?
-176
Let g(k) = -3*k**2 - 293*k - 2321. Determine g(-9).
73
Let f(j) = j**2 - 380*j + 2231. What is f(6)?
-13
Let r(s) = -74*s + 2665. Calculate r(39).
-221
Let f(d) = -2*d**3 - 34*d**2 + 20*d + 14. Determine f(-17).
-326
Let t(g) = g**3 - 12*g**2 - 92*g + 148. What is t(18)?
436
Let h(w) = -2*w**2 + 113*w - 1019. Determine h(11).
-18
Let g(w) = -3*w**2 + 13*w + 45. Determine g(-3).
-21
Let y(s) = s**3 - 24*s**2 + 100*s - 1. Determine y(7).
-134
Let k(v) = 2*v**2 - 24*v - 10876. Determine k(-68).
4
Let p(v) = 3*v**3 - 47*v**2 + 77*v - 21. Give p(14).
77
Let o(w) = 136*w + 10728. Determine o(-78).
120
Let i(h) = -h**3 - 6*h**2 + h + 19. Give i(5).
-251
Let s(y) = -y**3 - 30*y**2 + 13*y + 489. Determine s(-30).
99
Let r(a) = -14*a + 17. Determine r(13).
-165
Let g(s